. Is (5 + n/(-8))*8620/(-6) prime?
False
Suppose -7*g + 393804 = 29*g. Is g composite?
False
Let f = 76 + -84. Let p(z) = 14*z**2 + 10*z + 25. Is p(f) prime?
False
Let y = -1504 + 2613. Is y a prime number?
True
Let j(h) = -185*h + 7433. Is j(0) composite?
False
Let k = -33 + 33. Suppose 3*p + 0 - 129 = k. Let c = p + 14. Is c prime?
False
Suppose g = -n - 3*g + 2591, -4*g + 7813 = 3*n. Let d = -1704 + n. Is d prime?
True
Suppose r - o = 6613, 3*r + 0*o - 19835 = 4*o. Is r a composite number?
True
Let t = -6 + 7. Let r be t/(2/(0 - -10)). Suppose -r*g + 103 = c - 610, 3*g = -5*c + 419. Is g prime?
False
Let v(h) be the third derivative of h**6/120 + h**5/30 - h**4/8 - h**3/3 - 4*h**2. Let w be v(-3). Is 52*w/(4*-1) a prime number?
False
Suppose 5*r - 2*r = -5*m - 16, 2*m + 7 = -r. Suppose j + r*j - 2475 = -v, -3*v - 5*j + 7397 = 0. Is v prime?
True
Let k(u) = -2008*u - 15. Is k(-2) a composite number?
False
Is 0 + (-205638)/(-26) + 50/(-325) a composite number?
True
Suppose 3*n = n + 2. Let w(x) = 126*x - 5. Is w(n) a prime number?
False
Suppose 0 = 4*k - 3*h - 3572, -3*h = -k + 2*h + 876. Let z = 1310 - k. Let i = -5 + z. Is i prime?
True
Suppose 0 = 3*j - 1 + 16. Is (-4 - j) + 2552/2 prime?
True
Let y(l) = 462*l - 3. Is y(3) a composite number?
True
Let j(p) = 2*p + 4. Let r be j(-5). Let h = r + 18. Suppose -10*o + h*o = 502. Is o composite?
False
Let h(w) = w**2 - w + 1. Let l be h(1). Let x(u) = 3458*u**3 + u - 2. Is x(l) composite?
False
Suppose -232*j + 240*j = 257624. Is j a composite number?
False
Suppose o - 2*o = -89. Let m = -49 + -3. Let g = m + o. Is g prime?
True
Suppose 9*c = c + 3736. Is c a composite number?
False
Let c(s) = 64*s**2 - s - 12. Let n(v) = 193*v**2 - 2*v - 36. Let g(t) = -17*c(t) + 6*n(t). Is g(5) prime?
False
Suppose 15225 = 5*p - 2*d, 0*d - d = -p + 3042. Suppose 6*g = -305 + p. Is g composite?
False
Is 2 + (0 - 7) - 0 - -9682 prime?
True
Suppose 0 = 5*u - 25, 4*y - 5*u + 3610 = 26261. Is y prime?
True
Let w = -21 - -21. Suppose -s + 1 + 3 = w. Suppose -5*q - c - c + 6719 = 0, 2678 = 2*q - s*c. Is q composite?
True
Suppose 664*n + 2104 = 672*n. Is n a composite number?
False
Let o(k) = 18*k**2 + 19*k + 109. Is o(-8) composite?
False
Let f(h) = -h**2 - h. Let x be f(0). Suppose 2*d - 138 + 48 = x. Suppose 0 = -3*j - 3*i + d, -j = -4*j + 4*i + 73. Is j composite?
False
Let n(y) = -32*y + 15. Let d be n(-11). Let v = 110 - 14. Let u = d - v. Is u a prime number?
True
Suppose 5*t - 27 - 1 = -d, 0 = 4*d - 4*t - 16. Suppose -7*a - 489 = -d*a. Is a a prime number?
False
Let w be (-10)/(-1*(2 - 0)). Suppose w*j - 10 - 4 = -b, b = 4*j - 4. Suppose -2*q + 152 = 2*i, i + 232 = b*i + 5*q. Is i composite?
True
Suppose -g = -5*g - 23988. Let l = g - -11261. Is l/21 - (-1)/3 a composite number?
False
Suppose -5*v + 40 = -0. Let g = 12 - v. Is (-8)/2*(-373)/g a prime number?
True
Let n(h) = -h**3 - h**2 + h + 4507. Is n(0) a prime number?
True
Suppose -r = -6*r + 10. Suppose -r*a + 0*a = 4. Is ((-55)/a)/(5/10) a prime number?
False
Let q be 6 - (-2 - (-1 + -2)). Let r(w) = -w**3 + 6*w**2 - 4*w - 2. Let u be r(q). Suppose u*a - 4*d - 273 = 0, 5*a + 0*d - 460 = 5*d. Is a prime?
False
Is 10857/2 - (-4)/8 a prime number?
False
Let m = 3 + 0. Suppose l - 86 = v, m*l = 6*l - v - 264. Is l prime?
True
Let b(y) = -y + 1. Let z be b(1). Suppose 3*x - 659 + 47 = z. Suppose -3*l - 5*c = -376, -l = -5*c - x + 72. Is l a composite number?
False
Let v = 209 + 1502. Is v a composite number?
True
Suppose -2*d - x + 0*x = 1318, -1982 = 3*d - x. Let q = 1447 + d. Is q a prime number?
True
Suppose 5*m - 3210 = -5*z, 4*z = 3*m - 0*m + 2596. Suppose o - 313 - z = 0. Is o prime?
False
Let a be (-66)/10 - 2/5. Let i(q) = -5*q**2 - 4*q + 17. Let m be i(a). Let c = 327 + m. Is c prime?
True
Let w be 13 + -2 + (-2 - 2). Suppose -w*k = -4*k. Let i(j) = j + 22. Is i(k) a prime number?
False
Is (-9 + (17 - 6))*(-11959)/(-2) prime?
True
Suppose 2*t + 1164 = 4646. Is t composite?
False
Suppose 2*w = -0*w - g, g = 5*w + 7. Let r = w + 0. Is -1 + 41 + (-3)/r prime?
True
Is (-12)/(-72) + (-25899)/(-18) composite?
False
Let d = -23999 - -37749. Let r be 6/39 + d/26. Suppose -35 + r = 2*w. Is w a prime number?
False
Suppose 0 = r + 3*n - 116, -n - 379 + 31 = -3*r. Suppose 2*h + 4*w - 382 = 0, 2*h + w = -r + 498. Is h prime?
True
Let r(y) = 25*y - 24. Suppose 4 = w, 2*i = 6*i - w - 40. Is r(i) prime?
True
Let k(q) = 144*q + 2. Suppose 4*z + 2*b + 2 = 0, 0*z + 5*z + 4 = -2*b. Let v be k(z). Is (-2 + (-12)/(-8))*v prime?
False
Let q = -278 + 177. Let v be 1/((-308)/(-152) - 2). Let d = v - q. Is d a composite number?
False
Let w(z) be the second derivative of 7*z**3 - 7*z**2/2 - 20*z. Let s(k) = -k**2 - 6*k + 1. Let t be s(-4). Is w(t) a composite number?
True
Is (-5597)/(15/5 - 4) prime?
False
Is (-458)/(-1)*(-54)/(-36) prime?
False
Is 54/117 + 67094/26 a composite number?
True
Suppose -439 = -5*o + 276. Let a = 66 - o. Let z = 400 + a. Is z composite?
True
Let n(z) = -18525*z + 7. Is n(-2) prime?
True
Let y be 10 - -4 - 4 - 4. Suppose m + 4385 = y*m. Is m prime?
True
Suppose 11*v - 8780 = -9*v. Is v a composite number?
False
Suppose -26*y + 31*y = 9175. Is y composite?
True
Let z(l) = -7600*l + 531. Is z(-4) prime?
True
Let p = -13529 - -20886. Is p prime?
False
Suppose 4*b - 52504 = 4*l, -9*l + 14*l + 39376 = 3*b. Is b prime?
True
Let q(w) = -w**3 + 46*w**2 + 14*w - 126. Is q(43) a composite number?
True
Suppose -5*n - 4*f = -31, 2*f - 17 = 4*n - 7*n. Suppose -7*b - 2843 = -2*b + n*d, 1706 = -3*b - 2*d. Is (b/(-16))/(1/2) a prime number?
True
Let a be 4/6 + 480/(-45). Is -1119*(a/(-15) + -1) a composite number?
False
Suppose 0*j + 6 = 3*j. Is (-6)/j + 3668/14 prime?
False
Let m(j) = -2*j**3 + 4*j**2 - 15*j + 58. Let t(u) = -3*u**3 + 6*u**2 - 22*u + 87. Let r(z) = 7*m(z) - 5*t(z). Is r(7) composite?
False
Let g = 1012 - -139. Is g prime?
True
Is ((-20)/(-3) - 7)*(-668 + -1) composite?
False
Let f(p) be the third derivative of p**6/120 - 2*p**5/15 + 5*p**4/24 + p**3/6 + 9*p**2. Is f(9) a composite number?
False
Is 9106 - (-4)/(-8)*-6 a composite number?
False
Suppose 5*w - 86577 = -2*t, 5*w - t = -5373 + 91962. Is w a composite number?
False
Let f be 60/12 - (0 + -499). Let i = f - -125. Is i prime?
False
Suppose 819 = -5*x + 5569. Let h = x + -469. Is h prime?
False
Let q be (-121)/7 - 2/(-7). Let z = q + 11. Is z/9 + 4945/15 a composite number?
True
Is ((-178)/12)/(8/(-336)) composite?
True
Let z = -3630 - -28969. Is z a prime number?
True
Let m(h) = -h**2 + 5*h - 1. Let n be m(4). Suppose 4*z - 5*j = 5005, -2*z = n*z + 3*j - 6284. Suppose -2*b - 3*b + z = 0. Is b prime?
True
Let o = -4078 + 6591. Is o a composite number?
True
Let r = -1599 + -1224. Let l = r + 8446. Is l a composite number?
False
Suppose 863 = 5*j - 37. Let k be 2/13 + -15*(-30)/117. Suppose -r - 3*r + 2*x = -j, 152 = k*r + 5*x. Is r a composite number?
False
Suppose 0*g = -6*g - 0*g. Let a(m) = m**3 + m**2 - m + 677. Is a(g) composite?
False
Let o(y) = 589*y + 132. Is o(25) a prime number?
False
Let g = -53 + 30. Let h = 27 + g. Suppose -h*f + 2*f = -62. Is f composite?
False
Let j(t) = t + 12. Suppose 22 = -3*m + 1. Let g be j(m). Suppose 2*b + 3*r = -2*r + 334, -491 = -3*b - g*r. Is b composite?
False
Let i = -1374 + -4550. Let l be (3/2)/((-6)/i). Let d = l + -736. Is d composite?
True
Let y(x) = 1045*x + 49. Is y(12) a composite number?
False
Suppose -g + 1985 = 4*m, 2*m - 3952 = -2*g - 0*m. Is g composite?
False
Let o(u) = u**3 + 11*u**2 - 3*u + 6. Let r be o(-12). Is 2/(-8) + r/72*-471 prime?
False
Let b be 91*-3*2/(-3). Suppose w = b + 127. Is w a composite number?
True
Suppose -16*j + 31061 = -28443. Is j composite?
False
Suppose 2*j = 5*j - 15. Let f = j + -2. Let l(b) = 40*b**2 + 5*b - 4. Is l(f) composite?
True
Let s(d) = 3*d - 40. Let k be s(15). Suppose -7*x = -8*x - v + 507, -v = -k*x + 2559. Is x a prime number?
False
Let d be -3*(-20)/12 - 3. Suppose -4001 = w - 3*w - 3*b, d*b = 3*w - 5969. Is w composite?
False
Let l(y) = 51*y**3 - 13*y**2 + 43*y - 31. Is l(4) a prime number?
False
Let o(t) = 12*t**2 - 40*t - 13. Is o(-19) a composite number?
True
Let d(y) be the second derivative of -y**5/20 + 3*y**4/2 + 19*y**3/6 - 7*y**2/2 + 22*y. Is d(16) a prime number?
True
Let n(l